{"id":441,"date":"2022-07-12T13:06:36","date_gmt":"2022-07-12T13:06:36","guid":{"rendered":"https:\/\/eboutique.zeppelin.fr\/?post_type=product&#038;p=441"},"modified":"2025-03-21T08:38:35","modified_gmt":"2025-03-21T08:38:35","slug":"macaron-10-cm-gris-anthracite","status":"publish","type":"product","link":"https:\/\/eboutique.zeppelin.fr\/index.php\/produit\/macaron-10-cm-gris-anthracite\/","title":{"rendered":"MACARON 10 CM GRIS ANTHRACITE"},"content":{"rendered":"<div class=\"flex max-w-full flex-col flex-grow\">\n<div class=\"min-h-8 text-message flex w-full flex-col items-end gap-2 whitespace-normal break-words [.text-message+&amp;]:mt-5\" dir=\"auto\" data-message-author-role=\"assistant\" data-message-id=\"967d735f-6b9a-4a06-a255-980f4f10bfcc\" data-message-model-slug=\"gpt-4o\">\n<div class=\"flex w-full flex-col gap-1 empty:hidden first:pt-[3px]\">\n<div class=\"markdown prose w-full break-words dark:prose-invert light\">\n<p>Ce macaron en hypalon de 10 cm est l\u2019accessoire id\u00e9al pour effectuer des petites r\u00e9parations sur les flotteurs de votre bateau. Pr\u00e9par\u00e9 avec soin, il est d\u00e9j\u00e0 l\u00e9g\u00e8rement gratt\u00e9 pour une adh\u00e9rence maximale, pr\u00eat \u00e0 \u00eatre coll\u00e9 directement sur la surface endommag\u00e9e.<\/p>\n<p>Fabriqu\u00e9 en hypalon, un mat\u00e9riau r\u00e9sistant aux UV, \u00e0 l\u2019abrasion et aux conditions marines, ce macaron garantit une r\u00e9paration durable et fiable. Simple \u00e0 appliquer, il permet de prolonger la dur\u00e9e de vie de vos \u00e9quipements gonflables tout en assurant une \u00e9tanch\u00e9it\u00e9 et une solidit\u00e9 optimales.<\/p>\n<\/div>\n<\/div>\n<\/div>\n<\/div>\n<div class=\"mb-2 flex gap-3 empty:hidden -ml-2\">\n<div class=\"items-center justify-start rounded-xl p-1 flex\">\n<div class=\"flex items-center\"><\/div>\n<\/div>\n<\/div>\n","protected":false},"excerpt":{"rendered":"<p>Ce macaron en hypalon de 10 cm est l\u2019accessoire id\u00e9al pour effectuer des petites r\u00e9parations sur les flotteurs de votre bateau. Pr\u00e9par\u00e9 avec soin, il est d\u00e9j\u00e0 l\u00e9g\u00e8rement gratt\u00e9 pour une adh\u00e9rence maximale, pr\u00eat \u00e0 \u00eatre coll\u00e9 directement sur la surface endommag\u00e9e. Fabriqu\u00e9 en hypalon, un mat\u00e9riau r\u00e9sistant aux UV, \u00e0 l\u2019abrasion et aux conditions&hellip;<\/p>\n","protected":false},"featured_media":950,"template":"","meta":[],"product_brand":[],"product_cat":[16,22],"product_tag":[],"class_list":{"0":"post-441","1":"product","2":"type-product","3":"status-publish","4":"has-post-thumbnail","6":"product_cat-accessoires-flotteurs","7":"product_cat-macarons","8":"description-off","10":"first","11":"instock","12":"taxable","13":"shipping-taxable","14":"purchasable","15":"product-type-simple"},"_links":{"self":[{"href":"https:\/\/eboutique.zeppelin.fr\/index.php\/wp-json\/wp\/v2\/product\/441","targetHints":{"allow":["GET"]}}],"collection":[{"href":"https:\/\/eboutique.zeppelin.fr\/index.php\/wp-json\/wp\/v2\/product"}],"about":[{"href":"https:\/\/eboutique.zeppelin.fr\/index.php\/wp-json\/wp\/v2\/types\/product"}],"wp:featuredmedia":[{"embeddable":true,"href":"https:\/\/eboutique.zeppelin.fr\/index.php\/wp-json\/wp\/v2\/media\/950"}],"wp:attachment":[{"href":"https:\/\/eboutique.zeppelin.fr\/index.php\/wp-json\/wp\/v2\/media?parent=441"}],"wp:term":[{"taxonomy":"product_brand","embeddable":true,"href":"https:\/\/eboutique.zeppelin.fr\/index.php\/wp-json\/wp\/v2\/product_brand?post=441"},{"taxonomy":"product_cat","embeddable":true,"href":"https:\/\/eboutique.zeppelin.fr\/index.php\/wp-json\/wp\/v2\/product_cat?post=441"},{"taxonomy":"product_tag","embeddable":true,"href":"https:\/\/eboutique.zeppelin.fr\/index.php\/wp-json\/wp\/v2\/product_tag?post=441"}],"curies":[{"name":"wp","href":"https:\/\/api.w.org\/{rel}","templated":true}]}}