{"id":1314,"date":"2025-03-06T11:09:16","date_gmt":"2025-03-06T11:09:16","guid":{"rendered":"https:\/\/eboutique.zeppelin.fr\/?post_type=product&#038;p=1314"},"modified":"2025-03-06T11:09:24","modified_gmt":"2025-03-06T11:09:24","slug":"prise-de-pont-12v-2plots-3a","status":"publish","type":"product","link":"https:\/\/eboutique.zeppelin.fr\/index.php\/produit\/prise-de-pont-12v-2plots-3a\/","title":{"rendered":"PRISE DE PONT 12V\/2PLOTS 3A"},"content":{"rendered":"<p data-start=\"104\" data-end=\"517\">Cette <strong data-start=\"110\" data-end=\"144\">prise de pont 12V \u00e0 2 plots 3A<\/strong> est con\u00e7ue pour offrir une solution de connexion fiable et s\u00e9curis\u00e9e dans des applications \u00e9lectriques \u00e0 bord des bateaux, dans les v\u00e9hicules, ou dans d&rsquo;autres environnements n\u00e9cessitant une alimentation de 12V. Gr\u00e2ce \u00e0 ses <strong data-start=\"369\" data-end=\"380\">2 plots<\/strong> et \u00e0 son <strong data-start=\"390\" data-end=\"407\">courant de 3A<\/strong>, elle permet une connexion simple et efficace pour l&rsquo;alimentation d&rsquo;\u00e9quipements et d&rsquo;accessoires \u00e9lectriques.<\/p>\n<p data-start=\"519\" data-end=\"718\">Cette prise est id\u00e9ale pour les syst\u00e8mes marins et autres installations n\u00e9cessitant une connexion fiable et r\u00e9sistante \u00e0 l&rsquo;humidit\u00e9, tout en offrant une performance stable et une installation facile.<\/p>\n<p data-start=\"720\" data-end=\"742\"><strong data-start=\"720\" data-end=\"742\">Caract\u00e9ristiques :<\/strong><\/p>\n<ul data-start=\"743\" data-end=\"1078\">\n<li data-start=\"743\" data-end=\"792\"><strong data-start=\"745\" data-end=\"764\">Type de prise :<\/strong> Prise de pont 12V \u00e0 2 plots<\/li>\n<li data-start=\"793\" data-end=\"811\"><strong data-start=\"795\" data-end=\"808\">Courant :<\/strong> 3A<\/li>\n<li data-start=\"812\" data-end=\"831\"><strong data-start=\"814\" data-end=\"827\">Tension :<\/strong> 12V<\/li>\n<li data-start=\"832\" data-end=\"984\"><strong data-start=\"834\" data-end=\"852\">Applications :<\/strong> Nautisme, v\u00e9hicules, syst\u00e8mes \u00e9lectriques portables, et autres applications n\u00e9cessitant une connexion \u00e9lectrique \u00e0 faible intensit\u00e9<\/li>\n<li data-start=\"985\" data-end=\"1078\"><strong data-start=\"987\" data-end=\"1002\">Avantages :<\/strong> Connexion simple et s\u00e9curis\u00e9e, r\u00e9sistance \u00e0 l&rsquo;humidit\u00e9, conception compacte<\/li>\n<\/ul>\n<p data-start=\"1080\" data-end=\"1241\">Cette <strong data-start=\"1086\" data-end=\"1118\">prise de pont 12V\/2 plots 3A<\/strong> est un choix id\u00e9al pour assurer une alimentation \u00e9lectrique stable et fiable dans des conditions maritimes ou ext\u00e9rieures.<\/p>\n","protected":false},"excerpt":{"rendered":"<p>Cette prise de pont 12V \u00e0 2 plots 3A est con\u00e7ue pour offrir une solution de connexion fiable et s\u00e9curis\u00e9e dans des applications \u00e9lectriques \u00e0 bord des bateaux, dans les v\u00e9hicules, ou dans d&rsquo;autres environnements n\u00e9cessitant une alimentation de 12V. Gr\u00e2ce \u00e0 ses 2 plots et \u00e0 son courant de 3A, elle permet une connexion&hellip;<\/p>\n","protected":false},"featured_media":1315,"template":"","meta":[],"product_brand":[],"product_cat":[15,52],"product_tag":[],"class_list":{"0":"post-1314","1":"product","2":"type-product","3":"status-publish","4":"has-post-thumbnail","6":"product_cat-accessoires-bateaux","7":"product_cat-autres-produits-declasses","8":"description-off","10":"first","11":"instock","12":"taxable","13":"shipping-taxable","14":"purchasable","15":"product-type-simple"},"_links":{"self":[{"href":"https:\/\/eboutique.zeppelin.fr\/index.php\/wp-json\/wp\/v2\/product\/1314","targetHints":{"allow":["GET"]}}],"collection":[{"href":"https:\/\/eboutique.zeppelin.fr\/index.php\/wp-json\/wp\/v2\/product"}],"about":[{"href":"https:\/\/eboutique.zeppelin.fr\/index.php\/wp-json\/wp\/v2\/types\/product"}],"wp:featuredmedia":[{"embeddable":true,"href":"https:\/\/eboutique.zeppelin.fr\/index.php\/wp-json\/wp\/v2\/media\/1315"}],"wp:attachment":[{"href":"https:\/\/eboutique.zeppelin.fr\/index.php\/wp-json\/wp\/v2\/media?parent=1314"}],"wp:term":[{"taxonomy":"product_brand","embeddable":true,"href":"https:\/\/eboutique.zeppelin.fr\/index.php\/wp-json\/wp\/v2\/product_brand?post=1314"},{"taxonomy":"product_cat","embeddable":true,"href":"https:\/\/eboutique.zeppelin.fr\/index.php\/wp-json\/wp\/v2\/product_cat?post=1314"},{"taxonomy":"product_tag","embeddable":true,"href":"https:\/\/eboutique.zeppelin.fr\/index.php\/wp-json\/wp\/v2\/product_tag?post=1314"}],"curies":[{"name":"wp","href":"https:\/\/api.w.org\/{rel}","templated":true}]}}