{"id":1164,"date":"2025-02-28T09:01:27","date_gmt":"2025-02-28T09:01:27","guid":{"rendered":"https:\/\/eboutique.zeppelin.fr\/?post_type=product&#038;p=1164"},"modified":"2025-02-28T09:01:27","modified_gmt":"2025-02-28T09:01:27","slug":"sellerie-de-dossier-pour-banquette-s1011-blanc-simili-cuir","status":"publish","type":"product","link":"https:\/\/eboutique.zeppelin.fr\/index.php\/produit\/sellerie-de-dossier-pour-banquette-s1011-blanc-simili-cuir\/","title":{"rendered":"SELLERIE DE DOSSIER POUR BANQUETTE S1011 &#8211; BLANC &#8211; SIMILI CUIR"},"content":{"rendered":"<p data-start=\"79\" data-end=\"380\">Apportez confort et raffinement \u00e0 votre bateau avec cette sellerie de dossier sp\u00e9cialement con\u00e7ue pour la banquette S1011. R\u00e9alis\u00e9e en simili cuir de haute qualit\u00e9, elle offre une excellente r\u00e9sistance \u00e0 l\u2019humidit\u00e9 et un entretien facile, tout en apportant une touche d\u2019\u00e9l\u00e9gance \u00e0 votre embarcation.<\/p>\n<h3 data-start=\"382\" data-end=\"410\"><strong data-start=\"386\" data-end=\"408\">Caract\u00e9ristiques :<\/strong><\/h3>\n<p data-start=\"411\" data-end=\"637\">\u2705 <strong data-start=\"413\" data-end=\"427\">Dimensions<\/strong> : 110 x 24 x 16 cm<br data-start=\"446\" data-end=\"449\" \/>\u2705 <strong data-start=\"451\" data-end=\"462\">Couleur<\/strong> : Blanc, \u00e9clatant et moderne<br data-start=\"491\" data-end=\"494\" data-is-only-node=\"\" \/>\u2705 <strong data-start=\"496\" data-end=\"508\">Mat\u00e9riau<\/strong> : Simili cuir, r\u00e9sistant et simple \u00e0 nettoyer<br data-start=\"554\" data-end=\"557\" \/>\u2705 <strong data-start=\"559\" data-end=\"582\">Installation rapide<\/strong> : Con\u00e7ue pour s\u2019adapter parfaitement au mod\u00e8le S1011<\/p>\n<p data-start=\"639\" data-end=\"735\" data-is-last-node=\"\" data-is-only-node=\"\">Ajoutez du style et du confort \u00e0 votre bateau avec cette sellerie de dossier haut de gamme !<\/p>\n","protected":false},"excerpt":{"rendered":"<p>Apportez confort et raffinement \u00e0 votre bateau avec cette sellerie de dossier sp\u00e9cialement con\u00e7ue pour la banquette S1011. R\u00e9alis\u00e9e en simili cuir de haute qualit\u00e9, elle offre une excellente r\u00e9sistance \u00e0 l\u2019humidit\u00e9 et un entretien facile, tout en apportant une touche d\u2019\u00e9l\u00e9gance \u00e0 votre embarcation. Caract\u00e9ristiques : \u2705 Dimensions : 110 x 24 x 16&hellip;<\/p>\n","protected":false},"featured_media":1166,"template":"","meta":[],"product_brand":[],"product_cat":[45],"product_tag":[],"class_list":{"0":"post-1164","1":"product","2":"type-product","3":"status-publish","4":"has-post-thumbnail","6":"product_cat-selleries","7":"description-off","9":"first","10":"instock","11":"taxable","12":"shipping-taxable","13":"purchasable","14":"product-type-simple"},"_links":{"self":[{"href":"https:\/\/eboutique.zeppelin.fr\/index.php\/wp-json\/wp\/v2\/product\/1164","targetHints":{"allow":["GET"]}}],"collection":[{"href":"https:\/\/eboutique.zeppelin.fr\/index.php\/wp-json\/wp\/v2\/product"}],"about":[{"href":"https:\/\/eboutique.zeppelin.fr\/index.php\/wp-json\/wp\/v2\/types\/product"}],"wp:featuredmedia":[{"embeddable":true,"href":"https:\/\/eboutique.zeppelin.fr\/index.php\/wp-json\/wp\/v2\/media\/1166"}],"wp:attachment":[{"href":"https:\/\/eboutique.zeppelin.fr\/index.php\/wp-json\/wp\/v2\/media?parent=1164"}],"wp:term":[{"taxonomy":"product_brand","embeddable":true,"href":"https:\/\/eboutique.zeppelin.fr\/index.php\/wp-json\/wp\/v2\/product_brand?post=1164"},{"taxonomy":"product_cat","embeddable":true,"href":"https:\/\/eboutique.zeppelin.fr\/index.php\/wp-json\/wp\/v2\/product_cat?post=1164"},{"taxonomy":"product_tag","embeddable":true,"href":"https:\/\/eboutique.zeppelin.fr\/index.php\/wp-json\/wp\/v2\/product_tag?post=1164"}],"curies":[{"name":"wp","href":"https:\/\/api.w.org\/{rel}","templated":true}]}}