{"id":1078,"date":"2025-02-24T08:23:13","date_gmt":"2025-02-24T08:23:13","guid":{"rendered":"https:\/\/eboutique.zeppelin.fr\/?post_type=product&#038;p=1078"},"modified":"2025-02-24T08:24:47","modified_gmt":"2025-02-24T08:24:47","slug":"dossier-de-s700-blanc","status":"publish","type":"product","link":"https:\/\/eboutique.zeppelin.fr\/index.php\/produit\/dossier-de-s700-blanc\/","title":{"rendered":"DOSSIER DE S700 BLANC"},"content":{"rendered":"<p data-start=\"69\" data-end=\"124\"><strong data-start=\"69\" data-end=\"122\">Dossier pour Banquette Arri\u00e8re S700 &#8211; Tissu Blanc<\/strong><\/p>\n<p data-start=\"126\" data-end=\"289\">\ud83d\udd39 <strong data-start=\"129\" data-end=\"140\">Couleur<\/strong> : Blanc<br data-start=\"148\" data-end=\"151\" \/>\ud83d\udd39 <strong data-start=\"154\" data-end=\"165\">Mati\u00e8re<\/strong> : Tissu r\u00e9sistant et confortable<br data-start=\"198\" data-end=\"201\" \/>\ud83d\udd39 <strong data-start=\"204\" data-end=\"218\">Dimensions<\/strong> : 91 x 20 x 12 cm<br data-start=\"236\" data-end=\"239\" \/>\ud83d\udd39 <strong data-start=\"242\" data-end=\"259\" data-is-only-node=\"\">Compatibilit\u00e9<\/strong> : Con\u00e7u pour le mod\u00e8le S700<\/p>\n<p data-start=\"291\" data-end=\"596\">Apportez confort et \u00e9l\u00e9gance \u00e0 votre v\u00e9hicule avec ce <strong data-start=\"345\" data-end=\"384\">dossier pour banquette arri\u00e8re S700<\/strong>. Son tissu de haute qualit\u00e9 assure un toucher agr\u00e9able et une bonne durabilit\u00e9. Facile \u00e0 installer, il s&rsquo;adapte parfaitement \u00e0 votre banquette, offrant un soutien optimal pour un meilleur confort.<\/p>\n<p data-start=\"291\" data-end=\"596\">\n","protected":false},"excerpt":{"rendered":"<p>Dossier pour Banquette Arri\u00e8re S700 &#8211; Tissu Blanc \ud83d\udd39 Couleur : Blanc\ud83d\udd39 Mati\u00e8re : Tissu r\u00e9sistant et confortable\ud83d\udd39 Dimensions : 91 x 20 x 12 cm\ud83d\udd39 Compatibilit\u00e9 : Con\u00e7u pour le mod\u00e8le S700 Apportez confort et \u00e9l\u00e9gance \u00e0 votre v\u00e9hicule avec ce dossier pour banquette arri\u00e8re S700. Son tissu de haute qualit\u00e9 assure un toucher&hellip;<\/p>\n","protected":false},"featured_media":1080,"template":"","meta":[],"product_brand":[],"product_cat":[45],"product_tag":[],"class_list":{"0":"post-1078","1":"product","2":"type-product","3":"status-publish","4":"has-post-thumbnail","6":"product_cat-selleries","7":"description-off","9":"first","10":"instock","11":"taxable","12":"shipping-taxable","13":"purchasable","14":"product-type-simple"},"_links":{"self":[{"href":"https:\/\/eboutique.zeppelin.fr\/index.php\/wp-json\/wp\/v2\/product\/1078","targetHints":{"allow":["GET"]}}],"collection":[{"href":"https:\/\/eboutique.zeppelin.fr\/index.php\/wp-json\/wp\/v2\/product"}],"about":[{"href":"https:\/\/eboutique.zeppelin.fr\/index.php\/wp-json\/wp\/v2\/types\/product"}],"wp:featuredmedia":[{"embeddable":true,"href":"https:\/\/eboutique.zeppelin.fr\/index.php\/wp-json\/wp\/v2\/media\/1080"}],"wp:attachment":[{"href":"https:\/\/eboutique.zeppelin.fr\/index.php\/wp-json\/wp\/v2\/media?parent=1078"}],"wp:term":[{"taxonomy":"product_brand","embeddable":true,"href":"https:\/\/eboutique.zeppelin.fr\/index.php\/wp-json\/wp\/v2\/product_brand?post=1078"},{"taxonomy":"product_cat","embeddable":true,"href":"https:\/\/eboutique.zeppelin.fr\/index.php\/wp-json\/wp\/v2\/product_cat?post=1078"},{"taxonomy":"product_tag","embeddable":true,"href":"https:\/\/eboutique.zeppelin.fr\/index.php\/wp-json\/wp\/v2\/product_tag?post=1078"}],"curies":[{"name":"wp","href":"https:\/\/api.w.org\/{rel}","templated":true}]}}